 of 1229952?
2
What is the units digit of 275874?
4
What is the ten thousands digit of 4003018?
0
What is the hundred thousands digit of 891100?
8
What is the ten millions digit of 21524350?
2
What is the units digit of 12652127?
7
What is the thousands digit of 1204255?
4
What is the hundred thousands digit of 123488?
1
What is the millions digit of 1126469?
1
What is the thousands digit of 7984?
7
What is the units digit of 8420904?
4
What is the tens digit of 7402592?
9
What is the hundreds digit of 57019?
0
What is the millions digit of 4958407?
4
What is the tens digit of 1638495?
9
What is the hundreds digit of 10007228?
2
What is the ten thousands digit of 15528268?
2
What is the thousands digit of 53069?
3
What is the hundreds digit of 4395878?
8
What is the ten millions digit of 20282587?
2
What is the tens digit of 1186527?
2
What is the hundreds digit of 370749?
7
What is the units digit of 546690?
0
What is the hundred thousands digit of 1084933?
0
What is the thousands digit of 114022?
4
What is the hundreds digit of 2017314?
3
What is the millions digit of 3539345?
3
What is the tens digit of 15865779?
7
What is the tens digit of 15953?
5
What is the millions digit of 5220768?
5
What is the millions digit of 2548532?
2
What is the units digit of 1071062?
2
What is the thousands digit of 11756937?
6
What is the hundred thousands digit of 751016?
7
What is the tens digit of 1715572?
7
What is the hundred thousands digit of 3211281?
2
What is the units digit of 831490?
0
What is the millions digit of 3148394?
3
What is the hundreds digit of 1578081?
0
What is the tens digit of 5166519?
1
What is the hundred thousands digit of 198544?
1
What is the ten thousands digit of 24286643?
8
What is the hundreds digit of 917641?
6
What is the ten thousands digit of 7750520?
5
What is the units digit of 32972661?
1
What is the hundreds digit of 807650?
6
What is the units digit of 9299713?
3
What is the tens digit of 1904223?
2
What is the units digit of 1258032?
2
What is the millions digit of 2466495?
2
What is the units digit of 72929?
9
What is the tens digit of 447409?
0
What is the hundred thousands digit of 519661?
5
What is the ten thousands digit of 1096236?
9
What is the tens digit of 881914?
1
What is the millions digit of 1565320?
1
What is the thousands digit of 115656?
5
What is the millions digit of 1064972?
1
What is the millions digit of 2392081?
2
What is the units digit of 204532?
2
What is the ten thousands digit of 1963024?
6
What is the ten thousands digit of 3566699?
6
What is the ten thousands digit of 2831896?
3
What is the millions digit of 1404063?
1
What is the ten thousands digit of 11352949?
5
What is the ten thousands digit of 1663031?
6
What is the ten thousands digit of 1362161?
6
What is the thousands digit of 5306539?
6
What is the hundreds digit of 88129?
1
What is the ten thousands digit of 587005?
8
What is the hundred thousands digit of 4217932?
2
What is the millions digit of 2153974?
2
What is the thousands digit of 22017171?
7
What is the hundreds digit of 7114658?
6
What is the tens digit of 5216951?
5
What is the tens digit of 389845?
4
What is the millions digit of 5891280?
5
What is the hundreds digit of 1670701?
7
What is the tens digit of 12269?
6
What is the hundred thousands digit of 20154899?
1
What is the tens digit of 10461959?
5
What is the units digit of 17608558?
8
What is the units digit of 2227430?
0
What is the hundred thousands digit of 1838534?
8
What is the units digit of 2253762?
2
What is the millions digit of 9623287?
9
What is the ten thousands digit of 1219171?
1
What is the ten millions digit of 19728671?
1
What is the hundreds digit of 1452685?
6
What is the hundreds digit of 89529?
5
What is the hundreds digit of 923084?
0
What is the tens digit of 426978?
7
What is the units digit of 600443?
3
What is the hundreds digit of 910053?
0
What is the tens digit of 209663?
6
What is the hundred thousands digit of 3326616?
3
What is the thousands digit of 16822893?
2
What is the ten thousands digit of 8082966?
8
What is the hundred thousands digit of 101749?
1
What is the thousands digit of 1871980?
1
What is the thousands digit of 1290248?
0
What is the tens digit of 22646290?
9
What is the thousands digit of 640902?
0
What is the thousands digit of 5216345?
6
What is the hundred thousands digit of 854266?
8
What is the hundred thousands digit of 1148625?
1
What is the thousands digit of 4117763?
7
What is the thousands digit of 150506?
0
What is the millions digit of 20807063?
0
What is the ten thousands digit of 65097?
6
What is the hundred thousands digit of 20628414?
6
What is the millions digit of 3852194?
3
What is the units digit of 894868?
8
What is the tens digit of 22217?
1
What is the tens digit of 269984?
8
What is the millions digit of 9441159?
9
What is the millions digit of 2644375?
2
What is the units digit of 294244?
4
What is the ten thousands digit of 901779?
0
What is the units digit of 132313?
3
What is the hundreds digit of 6899328?
3
What is the hundred thousands digit of 190838?
1
What is the units digit of 220978?
8
What is the ten thousands digit of 415679?
1
What is the units digit of 241238?
8
What is the hundreds digit of 684327?
3
What is the tens digit of 203157?
5
What is the tens digit of 88453?
5
What is the hundreds digit of 311525?
5
What is the ten thousands digit of 20121021?
2
What is the ten thousands digit of 27170739?
7
What is the thousands digit of 611440?
1
What is the thousands digit of 3429147?
9
What is the tens digit of 608955?
5
What is the tens digit of 92367?
6
What is the millions digit of 2004009?
2
What is the hundred thousands digit of 4524165?
5
What is the ten thousands digit of 19281?
1
What is the units digit of 800877?
7
What is the units digit of 126602?
2
What is the units digit of 2521088?
8
What is the hundred thousands digit of 15124763?
1
What is the tens digit of 5717545?
4
What is the ten millions digit of 14185435?
1
What is the tens digit of 104495?
9
What is the ten thousands digit of 62161?
6
What is the hundreds digit of 3015532?
5
What is the ten thousands digit of 80222?
8
What is the hundred thousands digit of 19399810?
3
What is the hundred thousands digit of 174135?
1
What is the tens digit of 657320?
2
What is the hundred thousands digit of 1278654?
2
What is the tens digit of 2546017?
1
What is the millions digit of 6193254?
6
What is the ten thousands digit of 9411397?
1
What is the hundred thousands digit of 2314924?
3
What is the units digit of 2284534?
4
What is the millions digit of 1077247?
1
What is the ten millions digit of 20410008?
2
What is the ten thousands digit of 1122984?
2
What is the tens digit of 5145186?
8
What is the tens digit of 8239165?
6
What is the units digit of 4082667?
7
What is the millions digit of 3461167?
3
What is the thousands digit of 707642?
7
What is the tens digit of 223789?
8
What is the ten thousands digit of 289335?
8
What is the thousands digit of 319124?
9
What is the ten millions digit of 28571842?
2
What is the thousands digit of 7693850?
3
What is the units digit of 16940485?
5
What is the units digit of 1700205?
5
What is the hundreds digit of 122158?
1
What is the hundred thousands digit of 247254?
2
What is the hundred thousands digit of 8182321?
1
What is the hundreds digit of 122354?
3
What is the tens digit of 45438?
3
What is the ten thousands digit of 7962191?
6
What is the hundreds digit of 545442?
4
What is the ten thousands digit of 36676998?
7
What is the hundreds digit of 711009?
0
What is the thousands digit of 312624?
2
What is the hundred thousands digit of 18949050?
9
What is the thousands digit of 7520015?
0
What is the tens digit of 20781567?
6
What is the ten millions digit of 13266611?
1
What is the tens digit of 21507?
0
What is the hundred thousands digit of 213642?
2
What is the thousands digit of 1563965?
3
What is the millions digit of 2534956?
2
What is the hundred thousands digit of 761973?
7
What is the thousands digit of 679874?
9
What is the thousands digit of 10044685?
4
What is the units digit of 165447?
7
What is the tens digit of 536976?
7
What is the hundreds digit of 575809?
8
What is the hundreds digit of 1508681?